 and 124?
4
Let h = -9 - -15. Let r(m) = 3*m + 4. Let u be r(h). Suppose 2*f - 3*y - 60 = 41, -f + 2*y = -49. Calculate the greatest common factor of f and u.
11
Let t = 304 - 85. Calculate the highest common divisor of 3 and t.
3
Suppose 5*j = 2*v - 662, -v - 5*j + 148 = -198. Calculate the highest common divisor of v and 42.
42
Let y(p) = -p + 10. Let x be y(-16). Suppose 20*u = x*u - 342. Calculate the highest common factor of u and 38.
19
Suppose -4*h + 73 = 17. Let m be 21/h*2 + 2 + 0. What is the highest common divisor of m and 1?
1
Suppose -2*v - 5*v = -105. Suppose v*j = 323 + 337. What is the greatest common factor of 110 and j?
22
Let c(s) be the first derivative of 3*s**2/2 - 3*s + 6. Let u be c(6). Calculate the greatest common factor of 45 and u.
15
Suppose 33*f - 24*f + 435 = 24*f. Suppose -3*c + 4*z = -763, -2*c - 2*c - 2*z = -1054. Calculate the greatest common factor of c and f.
29
Let w(o) = o**2 + 4*o - 10. Let p be w(5). Suppose 4*a + 1 = -p. Let s(x) = -14*x + 9. Let j be s(a). Calculate the highest common factor of j and 54.
27
Suppose 0 = -k + 6*k - 1050. Calculate the greatest common divisor of 35 and k.
35
Let u be ((-1048)/(-655))/(1/2100). What is the highest common divisor of 112 and u?
112
Let l be 3588/(-91)*42/(-2). What is the greatest common divisor of 9 and l?
9
Suppose t - 283 = 3*h, -10*h + 580 = 2*t - 9*h. What is the highest common divisor of 34 and t?
17
Suppose 170 = b + 44. Suppose 3 = 232*g - 231*g. Suppose 5*u + g*u = 112. Calculate the greatest common factor of b and u.
14
Let a(t) = t**3 - 2*t**2 + 5*t + 1536. Let w be a(0). Calculate the highest common factor of w and 6.
6
Suppose -4*k = -28 + 32. Let f(w) = -w**3 + w**2. Let s be f(k). Suppose -s*m = -m - 7. What is the greatest common factor of 1 and m?
1
Suppose 0 = -62*h + 26*h + 82656. Calculate the greatest common factor of 56 and h.
56
Let g be (-5)/(-75)*6*90. Suppose g = 13*l - 9*l. Calculate the greatest common divisor of 9 and l.
9
Let c = -342 + 607. What is the highest common divisor of 5 and c?
5
Let k be (378/45)/((-3)/(-40) - 0). Let a = 47 - 31. Calculate the greatest common factor of a and k.
16
Suppose 114*k - 90*k = 216. Suppose 0*b = 2*b - 56. Let w be 42/8 - (-21)/b. What is the greatest common divisor of k and w?
3
Let o(k) = k**3 - 10*k**2 - 7*k + 34. Let i be o(12). Calculate the greatest common divisor of 14 and i.
14
Let r = 46 - 18. Let t(q) = 28 + 2*q - r + 2*q. Let x be t(10). Calculate the highest common factor of x and 10.
10
Let l be 1/(5 + 21343/(-4270)). Calculate the highest common factor of 10 and l.
10
Suppose -s + 13 + 4 = 0. Let z be 2*(3 + -1 + -1) + 6. Let b = s - z. What is the highest common factor of 9 and b?
9
Let a = -1216 - -1244. What is the highest common divisor of 77 and a?
7
Let m = 10 - 5. Suppose -420 = -0*h - 4*h - 4*n, 4*h - m*n = 465. What is the highest common divisor of 10 and h?
10
Suppose -5*s - 4*g = -283, 0 = 4*s - 4*g - 275 + 63. Suppose 4*n = 20*i - 15*i + 108, -2*n + 3*i = -56. What is the highest common factor of n and s?
11
Suppose -5*j + 7*j - 28 = -3*m, 0 = -3*m + 2*j + 20. What is the highest common factor of 136 and m?
8
Suppose l = -2*l + 54. Let p(w) = -6*w**2 - w**3 + 0*w**2 - 280 + 270 + 3*w. Let n be p(-7). What is the greatest common divisor of n and l?
18
Suppose -3*i = -5*w - 22, -2*w = -5*i + i + 20. Suppose -4*c + 523 = -p, -c + i*p + 59 = -83. Calculate the greatest common divisor of c and 13.
13
Let x be (-51)/(-6) - 9 - (-58)/4. What is the greatest common factor of x and 245?
7
Let p be 6/8 - 42/(-8). Let m = 12 + p. Suppose 4*v = 5*v - m. What is the highest common divisor of 45 and v?
9
Let s(p) = p**3 - 6*p**2 + p + 6. Let t(b) = 4*b + 2. Let u be t(1). Let x be (-8)/u*36/(-8). Let w be s(x). Calculate the highest common divisor of 18 and w.
6
Let i = 2 - -4. Let p be -1 + 4*(-158)/(-8). Calculate the greatest common divisor of p and i.
6
Let d(m) be the second derivative of 5*m**3/3 - 2*m**2 - 3*m. Let h be d(2). Calculate the highest common divisor of 4 and h.
4
Let a(l) = l**2 - 10*l - 3. Let c(q) = q**3 + 9*q**2 - 23*q + 1. Let s be c(-11). Let h be a(s). What is the greatest common divisor of 3 and h?
3
Suppose 0 = 5*i - 4*n + 2*n - 77, 3*n + 18 = i. Suppose 0 = -y - 25*y + 1950. What is the highest common divisor of i and y?
15
Suppose 5*u - 90 = 4*u. Let o = 916 - 856. Calculate the highest common divisor of o and u.
30
Let g = -673 + 1616. Calculate the highest common factor of 41 and g.
41
Let x = 0 + 16. What is the highest common divisor of x and 80?
16
Suppose -u - 24 = 3*u + 4*w, u + 16 = 4*w. Let x be (9/(-4))/(2/8). Let q be (-102)/x - u/12. What is the greatest common divisor of q and 12?
12
Let i be (9 + -8)/(0 - 1). Let m be (-19)/(-3 + 2) - (-1)/i. What is the highest common divisor of 18 and m?
18
Let s(k) = -2*k + 267. Let a be s(4). Calculate the greatest common divisor of 111 and a.
37
Suppose 2 = c - 3*c. Let h be 80/15*(2 - c). What is the greatest common divisor of h and 2?
2
Suppose 3*u + 28 = 832. Suppose 2*c + v = -2*v + 119, -4*c + u = -4*v. Let n = -11 - -27. What is the highest common divisor of c and n?
16
Let q be 5 - ((0 - (-4)/2) + 0). Suppose -111 = -4*k - q*u, 5*k + 2*u - 125 = u. Calculate the highest common divisor of 60 and k.
12
Suppose -425 = -u + 4*y, -u - 22*y + 385 = -18*y. What is the greatest common divisor of u and 15?
15
Suppose 11*a = 16*a - 45. Suppose 3*i - 6*n - 66 = -a*n, -4*n = 2*i - 46. Calculate the greatest common divisor of 42 and i.
21
Let y = -165 - -219. What is the highest common factor of y and 42?
6
Let p(m) = 267*m + 814. Let k be p(-3). What is the greatest common factor of k and 1053?
13
Let r = -2169 - -2183. Calculate the greatest common divisor of r and 35.
7
Suppose 3425 = 15*d + 950. What is the greatest common factor of d and 105?
15
Suppose 0*s = -3*r + s + 59, 8 = 2*s. Suppose -3*b + r = -4*z + 3*z, 5*z = 4*b - 17. What is the highest common divisor of 2 and b?
2
Let w(o) = 4 - 4*o + 6 + 2*o. Let a = 52 - 52. Let s be w(a). Calculate the greatest common factor of s and 30.
10
Let q be -152*-6*(-7)/(-168). Calculate the greatest common divisor of q and 494.
38
Let k(f) = -4*f**3 - f**2 - 3*f - 6. Suppose 26 = -3*l - 0*l + 5*v, 4*l + 2*v = 0. Let s be k(l). What is the highest common divisor of s and 4?
4
Let u be 2/6 - (-28)/6. Suppose -388*h + 387*h + 2 = 0. What is the greatest common factor of h and u?
1
Let o be -3 - (48/(-3) + 3). Suppose -p + 104 = -o. Let k be (-2 - -1)/((-1)/38). What is the highest common factor of k and p?
38
Suppose 0 = -7*d + 3*d + 3*x + 169, 5*d - 188 = -4*x. Calculate the greatest common divisor of d and 1000.
40
Suppose 4*y + h - 1147 = 0, -3*y = -7*y + 5*h + 1153. Let d = y - 100. Calculate the greatest common divisor of d and 17.
17
Suppose 3*l = 4*q - 587, 3*q + 7*l = 11*l + 449. What is the highest common divisor of q and 22?
11
Let g(d) = 2*d**2 - 5*d - 4. Let n be g(-6). Suppose -3*c - n = 4*i, 3*c = -2*i + 5*c - 42. Let u = i + 34. What is the highest common factor of 11 and u?
11
Let o be (-1 + 17)/(42/126). Let w = -9 + 13. Suppose 2*a - 20 = -w*d, 5*d = 5*a - 0*a - 20. What is the highest common divisor of o and a?
6
Let b(a) = -2*a - 3. Let f be b(-6). Let g be (4/12)/(8/216). Calculate the highest common factor of f and g.
9
Let l be (-232)/(-6) - (-1)/3. Suppose -17*v + 3318 = -4391 + 416. What is the greatest common factor of v and l?
39
Suppose 14*g - 56 = 7*g. Suppose 5*u - 73 = -g. What is the greatest common divisor of u and 143?
13
Suppose 4*b = -39 - 513. Let w = b + 372. What is the greatest common factor of 26 and w?
26
Let x be (-2)/9 - (-76)/18. Suppose -3*y = -5 - x. Suppose 34 = 2*d - 2*h, 2*d + 0*h + y*h = 49. Calculate the greatest common divisor of 10 and d.
10
Suppose 24 = 5*g + 9. Let t(n) = -g*n + 0*n + 7 + 2*n. Let f be t(4). Calculate the greatest common factor of 33 and f.
3
Suppose 12 = 5*i - 8. Suppose -126 = -4*l - 2*m + 134, -2*m = -i. What is the highest common divisor of 16 and l?
16
Suppose 8*u + 5 - 53 = 0. Let o be (-966)/(-15) + u/10. Calculate the greatest common divisor of o and 39.
13
Suppose 0 = -2*h - 38 + 206. Let z = -68 + h. Calculate the highest common factor of z and 16.
16
Let y = 324 + -312. W